e hundred thousands digit of 743498?
7
What is the millions digit of 2222536?
2
What is the tens digit of 866672?
7
What is the ten thousands digit of 34913326?
1
What is the ten thousands digit of 125754?
2
What is the ten thousands digit of 5139368?
3
What is the hundreds digit of 94250?
2
What is the ten thousands digit of 76639?
7
What is the hundreds digit of 1169859?
8
What is the hundreds digit of 26206217?
2
What is the tens digit of 882907?
0
What is the tens digit of 7787044?
4
What is the hundreds digit of 20364400?
4
What is the units digit of 7423084?
4
What is the ten thousands digit of 22687547?
8
What is the tens digit of 506829?
2
What is the hundred thousands digit of 5010318?
0
What is the tens digit of 13933?
3
What is the millions digit of 11428584?
1
What is the ten thousands digit of 284962?
8
What is the hundred thousands digit of 232556?
2
What is the ten thousands digit of 2059098?
5
What is the ten thousands digit of 9088040?
8
What is the thousands digit of 41634?
1
What is the ten thousands digit of 512832?
1
What is the ten thousands digit of 1598412?
9
What is the thousands digit of 1337858?
7
What is the ten thousands digit of 38037?
3
What is the thousands digit of 39917875?
7
What is the tens digit of 608352?
5
What is the hundred thousands digit of 4192876?
1
What is the hundred thousands digit of 9260371?
2
What is the hundreds digit of 1897831?
8
What is the hundred thousands digit of 5117367?
1
What is the ten thousands digit of 148680?
4
What is the thousands digit of 701385?
1
What is the thousands digit of 6521930?
1
What is the hundred thousands digit of 3579919?
5
What is the units digit of 357280?
0
What is the units digit of 347305?
5
What is the millions digit of 1824550?
1
What is the millions digit of 2955363?
2
What is the tens digit of 5974530?
3
What is the ten thousands digit of 245574?
4
What is the hundred thousands digit of 10756850?
7
What is the hundred thousands digit of 168421?
1
What is the tens digit of 314200?
0
What is the tens digit of 617516?
1
What is the millions digit of 1325099?
1
What is the hundreds digit of 348773?
7
What is the hundred thousands digit of 465267?
4
What is the thousands digit of 2845720?
5
What is the hundreds digit of 132563?
5
What is the units digit of 142986?
6
What is the ten thousands digit of 1979805?
7
What is the units digit of 339828?
8
What is the hundreds digit of 396245?
2
What is the hundred thousands digit of 230146?
2
What is the hundreds digit of 427954?
9
What is the millions digit of 1128919?
1
What is the hundred thousands digit of 1473945?
4
What is the hundred thousands digit of 4405797?
4
What is the tens digit of 2153028?
2
What is the hundred thousands digit of 910170?
9
What is the tens digit of 72440?
4
What is the thousands digit of 23922259?
2
What is the hundred thousands digit of 276735?
2
What is the tens digit of 1343352?
5
What is the units digit of 580026?
6
What is the hundreds digit of 816200?
2
What is the ten millions digit of 20111497?
2
What is the ten thousands digit of 80975?
8
What is the units digit of 816772?
2
What is the hundred thousands digit of 3235194?
2
What is the hundreds digit of 579401?
4
What is the hundred thousands digit of 315729?
3
What is the units digit of 386309?
9
What is the ten thousands digit of 61690?
6
What is the hundred thousands digit of 13470442?
4
What is the hundred thousands digit of 4754778?
7
What is the hundred thousands digit of 376271?
3
What is the tens digit of 236265?
6
What is the tens digit of 11434558?
5
What is the hundred thousands digit of 19793264?
7
What is the thousands digit of 873359?
3
What is the units digit of 36968?
8
What is the hundreds digit of 1081444?
4
What is the millions digit of 3539753?
3
What is the ten thousands digit of 286872?
8
What is the ten thousands digit of 152285?
5
What is the millions digit of 3283169?
3
What is the tens digit of 1353162?
6
What is the tens digit of 4875491?
9
What is the thousands digit of 255885?
5
What is the tens digit of 209608?
0
What is the tens digit of 284512?
1
What is the millions digit of 9782028?
9
What is the millions digit of 1798233?
1
What is the millions digit of 1087240?
1
What is the units digit of 1577805?
5
What is the hundreds digit of 265164?
1
What is the tens digit of 109464?
6
What is the thousands digit of 3329827?
9
What is the hundred thousands digit of 2876827?
8
What is the hundred thousands digit of 1204369?
2
What is the ten thousands digit of 2170082?
7
What is the hundreds digit of 97551?
5
What is the hundreds digit of 3488236?
2
What is the thousands digit of 22464?
2
What is the tens digit of 29907?
0
What is the units digit of 10778377?
7
What is the units digit of 1053237?
7
What is the units digit of 127489?
9
What is the millions digit of 2935216?
2
What is the millions digit of 4158651?
4
What is the tens digit of 186587?
8
What is the hundred thousands digit of 277228?
2
What is the tens digit of 10142042?
4
What is the millions digit of 5124069?
5
What is the hundreds digit of 4151094?
0
What is the thousands digit of 8119983?
9
What is the millions digit of 5380867?
5
What is the hundreds digit of 562373?
3
What is the millions digit of 5627701?
5
What is the ten thousands digit of 13823129?
2
What is the thousands digit of 6340040?
0
What is the ten thousands digit of 210198?
1
What is the thousands digit of 1856480?
6
What is the hundreds digit of 198116?
1
What is the units digit of 374214?
4
What is the tens digit of 284821?
2
What is the hundreds digit of 22695?
6
What is the units digit of 10442422?
2
What is the units digit of 1034758?
8
What is the hundreds digit of 2095168?
1
What is the hundreds digit of 2074621?
6
What is the millions digit of 2479826?
2
What is the thousands digit of 726678?
6
What is the tens digit of 1762901?
0
What is the thousands digit of 1315370?
5
What is the thousands digit of 295566?
5
What is the tens digit of 157412?
1
What is the thousands digit of 455520?
5
What is the thousands digit of 1639212?
9
What is the thousands digit of 5677778?
7
What is the ten thousands digit of 1985604?
8
What is the ten thousands digit of 171271?
7
What is the thousands digit of 4820012?
0
What is the ten thousands digit of 2627546?
2
What is the tens digit of 124409?
0
What is the millions digit of 6783356?
6
What is the hundred thousands digit of 632715?
6
What is the thousands digit of 29403580?
3
What is the thousands digit of 3203987?
3
What is the tens digit of 744533?
3
What is the ten thousands digit of 274893?
7
What is the tens digit of 467663?
6
What is the tens digit of 14632488?
8
What is the hundreds digit of 3572769?
7
What is the thousands digit of 26351857?
1
What is the tens digit of 11924798?
9
What is the ten thousands digit of 27993?
2
What is the tens digit of 971017?
1
What is the tens digit of 87325?
2
What is the thousands digit of 362030?
2
What is the tens digit of 13134275?
7
What is the thousands digit of 501634?
1
What is the hundreds digit of 3997505?
5
What is the ten millions digit of 31523199?
3
What is the tens digit of 55286?
8
What is the millions digit of 16755315?
6
What is the thousands digit of 38886?
8
What is the tens digit of 102790?
9
What is the tens digit of 3672022?
2
What is the units digit of 485138?
8
What is the ten thousands digit of 627442?
2
What is the units digit of 6008050?
0
What is the ten thousands digit of 22891034?
9
What is the units digit of 126665?
5
What is the thousands digit of 221605?
1
What is the units digit of 549987?
7
What is the hundreds digit of 153924?
9
What is the units digit of 10506167?
7
What is the units digit of 2231802?
2
What is the tens digit of 1462032?
3
What is the tens digit of 992000?
0
What is the hundreds digit of 27397183?
1
What is the thousands digit of 253336?
3
What is the ten thousands digit of 79143?
7
What is the units digit of 214416?
6
What is the ten thousands digit of 10900933?
0
What is the hundred thousands digit of 295435?
2
What is the thousands digit of 2229618?
9
What is the millions digit of 1036525?
1
What is the hundred thousands digit of 451448?
4
What is the hundreds digit of 230895?
8
What is the hundreds digit of 1644424?
4
Wha